when y(i) is divided by 30?
29
Let j(m) = -m**3 + 16*m**2 + 76*m - 55. Calculate the remainder when j(19) is divided by 125.
56
Suppose 4*q = 2*q + 2338. Suppose -23*w = 364 - q. Calculate the remainder when 40 is divided by w.
5
Let y be (-1)/((-16)/12 + 1). Suppose -5*m = 20, -y*s = -2*s + 3*m - 352. Calculate the remainder when s is divided by 5.
4
Let r = -129 + 134. Suppose 17 = r*t - 23. What is the remainder when t is divided by 6?
2
Let q = 8671 - 7690. What is the remainder when q is divided by 74?
19
Let h(x) = -x**3 - 9*x**2 - 13*x + 9. Let c be h(-7). Suppose 3*s - c*s = 79. Let b = 76 - 36. What is the remainder when s is divided by b?
39
Let q(u) = -3*u**3 - 3*u**2 + 2*u - 27. Let f be q(-5). Let s = f - -135. Calculate the remainder when s is divided by 80.
78
Suppose -c + 9 = 5*w, -2*w + 6*w - 3 = -5*c. Let i = -307 + 312. Suppose -4*f + 30 = w*j, -i*j - f = 2*f - 75. What is the remainder when 24 is divided by j?
9
Suppose -5*n = -3*m + 35, 30*n + 7 = -m + 27*n. What is the remainder when 561 is divided by 4 + 63/(-15) + 236/m?
44
Suppose 4*v + 4*w - 336 = 0, 2*v + 5*w + 24 = 204. Suppose 11*x + v = 19*x. Calculate the remainder when 59 is divided by x.
9
Let j(u) = 2*u + 66. Let k be j(17). Suppose 0 = 40*i - 35*i - k. Calculate the remainder when (-1)/(-3) + 1360/24 is divided by i.
17
Let k = 11410 - 11325. Suppose 0 = -r - 3*h + h + 172, -151 = -r + 5*h. Calculate the remainder when r is divided by k.
81
Suppose -4*s + 4*p = -8*s + 68, 5*p = -3*s + 55. Let u = 14 - s. Let b(m) = -50*m**3 + 3*m + 2. Calculate the remainder when b(u) is divided by 26.
23
Suppose 11*n - 19*n = -24, -5*f + 4*n = -1113. Let c = 75 + -18. Calculate the remainder when f is divided by c.
54
Calculate the remainder when 201 is divided by (7 - -3)/(((-27)/(-108))/((-10)/(-16))).
1
Let n(k) = k**2 - 7*k + 9. Let j be n(7). Let h(b) = b**2 - 2*b + 4. Suppose -6*r + 170 = -r. Calculate the remainder when h(j) is divided by r.
33
Let k(v) = -8*v - 1. Let l be (147/14)/(-3)*18. What is the remainder when ((-45)/l)/(-5) - (-156)/14 is divided by k(-1)?
4
Calculate the remainder when (234 - 1)/((-19)/(494/(-117)) - 4) is divided by 150.
16
Suppose r = 4*o - 0*r + 238, 3*o + r + 182 = 0. Let h be o/(-14) + ((-60)/(-42))/(-5). Suppose 0 = -a + 3 + h. Calculate the remainder when 10 is divided by a.
3
Suppose 26734 + 15042 = 7*r. What is the remainder when r is divided by 11?
6
Let m(u) = -u**3 - u + 100. Suppose -30*i + 25*i = -125. Calculate the remainder when m(-6) is divided by i.
22
Suppose 0*c - 5 = 5*c. Let p = 754 + -751. Calculate the remainder when 41 is divided by (10*p)/((-4)/c + -2).
11
Suppose 1646 + 973 = 9*o. Let n = -270 + o. What is the remainder when n is divided by 6?
3
Suppose 2*g + 34 = -2*g - 5*d, 4*g = -3*d - 30. Calculate the remainder when ((-116)/6)/((10/g)/5) is divided by 18.
4
Let d(o) = 3*o**3 - 5*o**2 + 6*o. Let i be d(3). Let t = 88 - i. Calculate the remainder when t is divided by 16.
2
Let z = -630 + 786. Suppose 7 = 4*r + 23, 0 = 4*i - 5*r - z. Calculate the remainder when i is divided by 112/18 + (-4)/18.
4
Suppose 28640 = 124*k + 36*k. What is the remainder when k is divided by 91?
88
Let t = 3890 + -3727. What is the remainder when 1935 is divided by t?
142
Suppose -1747*k = -1742*k - 65. Calculate the remainder when 17 is divided by k.
4
Suppose 23*v = 1385 + 14991. Suppose v = o + 534. Suppose 0 = p + 4*w - 29, p - w - 32 = 17. Calculate the remainder when o is divided by p.
43
Let z(d) = 57*d - 90. Let j be z(2). What is the remainder when (j/18)/(-2) + 591/9 is divided by 10?
5
Let o = 456 - 416. Suppose 0 = f - 23 - 3. Calculate the remainder when o is divided by f.
14
Let f be ((-15)/(-10) + -2)*(-1 + -1). Let y(s) = 115*s**3 - 2 + 516*s**2 - 515*s**2 + 0 + s. What is the remainder when y(f) is divided by 39?
37
Let g be 15 + (-28)/4 + -8. Suppose -2*t = -d + 60, -5*t - 178 = -3*d - g*t. Calculate the remainder when 107 is divided by d.
51
Suppose -40*s - 2 = -42*s. Suppose -27 = -7*h + s. Calculate the remainder when 188 is divided by h.
0
Let i(s) = s**3 - s**2 - 2*s + 3. Let w be i(1). Suppose -w = -0*o - o. Calculate the remainder when 1/(190/185 - o) is divided by 11.
4
What is the remainder when (1/(-7))/((-23)/79051) is divided by 162?
5
Let t = 31 + -11. Suppose 2*m + 8 = 0, 0 = 4*y + 3*m - m + t. What is the remainder when 87 is divided by ((-22)/y)/((-2)/(-3))?
10
Let l = 8282 - 7909. What is the remainder when l is divided by 29?
25
Suppose 336589 = 459*l - 503381. Calculate the remainder when l is divided by 185.
165
Let i(s) = 267*s**2 + 651*s - 2. Calculate the remainder when i(-3) is divided by 26.
6
Suppose 0 = -34*v + 1146 - 4002. Let k = -42 - v. Calculate the remainder when 125 is divided by k.
41
Let v = 4297 - 3623. What is the remainder when v is divided by 214?
32
Suppose -2*g = 5*w - 3742, 23 - 19 = -g. What is the remainder when w is divided by 9?
3
Let i(t) = -11*t + 2. Let j(d) = -d**3 + 6*d**2 + 6*d + 8. Let h be j(7). Let o be i(h). What is the remainder when o - -7 - 7/(7/(-66)) is divided by 17?
13
Calculate the remainder when 2/(-5) - (-61872)/80 is divided by 152.
13
Suppose -2852 - 4 = -17*b. Suppose 4*s - 18*s = -b. Calculate the remainder when 30 is divided by s.
6
Let i = 80 + -83. Let u(b) = -2*b**3 - b**2 + 5*b + 1. Calculate the remainder when u(i) is divided by (18/(-21))/(6/(-112)).
15
Let x(l) = -414*l + 4590. Let d = -13 + 39. Calculate the remainder when x(11) is divided by d.
10
Suppose 0 = -345096*g + 345100*g - 128. Suppose -1 = -o, c = 3*o + 2*o + 29. Calculate the remainder when c is divided by g.
2
Suppose 0 = -5*t - 21*t + 14014. Suppose t = i + 45. What is the remainder when i is divided by 15?
14
Suppose 0 = 3*d - 1 + 4, -2*n = -2*d - 54. Let f be (-2)/(-6) + (-19992)/(-18). Suppose -13*s + f = -202. Calculate the remainder when s is divided by n.
23
Suppose 5*v + 338 = 4*t + 2572, 3*v - 2*t - 1340 = 0. Let x = 741 - v. What is the remainder when x is divided by 100?
95
Suppose -p + 0*p = 73. Let g = -71 - p. Suppose -t + 19 = 2*x, 2*x - 4*x = -g*t + 62. What is the remainder when 48 is divided by t?
21
Let c = -1337 + 1379. Suppose -5*p + 1548 = 5*t - 107, 0 = -5*p + 5*t + 1695. Calculate the remainder when p is divided by c.
41
Let w(p) = -p**3 + 47*p**2 + 64*p - 374. What is the remainder when w(48) is divided by 42?
16
Suppose 4*d + 2 = -6. Calculate the remainder when 248/6*(-3)/d is divided by 4/38 - (-93100)/7220.
10
Let o = 35212 + -13725. What is the remainder when o is divided by 17?
16
Calculate the remainder when 42 is divided by (2/1)/(310/5735).
5
Let m = -7625 - -7946. Calculate the remainder when m is divided by 31.
11
Let i(u) = -24*u + 1329. Calculate the remainder when 981 is divided by i(52).
9
Suppose u - 1416 = -3*u. Let f = 542 - u. Suppose -2462*b + 2411*b = -969. Calculate the remainder when f is divided by b.
17
Let m(c) = 2*c - 5. Let v be m(4). Let n = -1484 - -1497. Calculate the remainder when (v/(-2))/1*-48 is divided by n.
7
Let f be (-12)/((-44)/8 + 4). Suppose 2*r + 3*r = -4*g + 5, -r - f = -g. What is the remainder when 18/8*(-32)/(-6) is divided by g?
2
Suppose 489*u - 36924 = 20417 + 28723. Calculate the remainder when 516 is divided by u.
164
Let x be (-4)/10 - ((-660)/50)/3. Suppose 18 = x*p - 0*s - s, -p - s = -7. What is the remainder when 42 is divided by p?
2
Suppose m - 16 = -5*j - 4, -2*j = 4. Let c = 354 + -369. What is the remainder when (-1030)/(-20) + c/(-10) + 0 is divided by m?
9
Let i = -10 - -10. Suppose h + 4*r - 19 = i, -5*h + 51 = -r - 23. What is the remainder when 17 is divided by (-8)/20 - (-81)/h?
2
Let k(g) be the first derivative of 5*g**3/3 - 3*g**2/2 + 4*g + 2. Let t be k(2). Suppose 42 = t*u - 16*u. What is the remainder when u is divided by 12?
9
Let i = 7159 + -5577. What is the remainder when i is divided by 176?
174
Let m(i) = 166*i**2 - 31*i + 60. Calculate the remainder when m(2) is divided by 74.
70
Let s = 39 + -3. Suppose s + 104 = -2*a. Let g = -57 - a. What is the remainder when 102 is divided by g?
11
Let g(m) = 63*m + 542. Calculate the remainder when 287 is divided by g(-7).
85
Let z(b) = 221*b**2 + 258*b + 516. What is the remainder when z(-2) is divided by 89?
83
Suppose -5*j =